{"id":73,"date":"2020-03-31T10:40:51","date_gmt":"2020-03-31T08:40:51","guid":{"rendered":"https:\/\/wordpress.blg-autorail.de\/?page_id=73"},"modified":"2021-01-15T13:44:56","modified_gmt":"2021-01-15T12:44:56","slug":"services","status":"publish","type":"page","link":"https:\/\/www.blg-autorail.de\/?page_id=73","title":{"rendered":"Services"},"content":{"rendered":"\n<h2 class=\"has-text-align-center has-text-color wp-block-heading\" style=\"color:#164194\"><strong>Tochtergesellschaft BLG RailTec<\/strong><\/h2>\n\n\n\n<p>Durch die Liberalisierung des Schieneng\u00fcterverkehrs haben sich auch die Spielregeln f\u00fcr die Marktteilnehmer ver\u00e4ndert. Um rechtzeitig auf diese Ver\u00e4nderungen reagieren zu k\u00f6nnen, haben wir im Jahr 2011 von der DB Netz AG einen Rangierbahnhof mit 25 Kilometer Gleise in Falkenberg\/Elster gekauft.<\/p>\n\n\n\n<div class=\"wp-block-image\"><figure class=\"aligncenter size-large\"><img loading=\"lazy\" decoding=\"async\" width=\"845\" height=\"247\" src=\"https:\/\/wordpress.blg-autorail.de\/wp-content\/uploads\/2020\/09\/Luftbild.jpg\" alt=\"\" class=\"wp-image-535\" srcset=\"https:\/\/www.blg-autorail.de\/wp-content\/uploads\/2020\/09\/Luftbild.jpg 845w, https:\/\/www.blg-autorail.de\/wp-content\/uploads\/2020\/09\/Luftbild-300x88.jpg 300w, https:\/\/www.blg-autorail.de\/wp-content\/uploads\/2020\/09\/Luftbild-768x224.jpg 768w\" sizes=\"auto, (max-width: 845px) 100vw, 845px\" \/><\/figure><\/div>\n\n\n\n<hr class=\"wp-block-separator\"\/>\n\n\n\n<p>Durch Investitionen in die Infrastruktur, die Signaltechnik und den Bau einer modernen Waggonwerkstatt schafften wir die notwendigen Kapazit\u00e4ten, um <strong>Abstellungen<\/strong> von Waggons, <strong>Zugbildungs- und Instandhaltungsma\u00dfnahmen<\/strong> durchf\u00fchren zu k\u00f6nnen. Seit Mai 2015 wird die Anlage durch einen Waschstand, sowie einer Strahl- und Lackierkabine und einer Trockungsanlage erg\u00e4nzt.<\/p>\n\n\n\n<div class=\"wp-block-image\"><figure class=\"aligncenter size-large\"><img loading=\"lazy\" decoding=\"async\" width=\"1024\" height=\"683\" src=\"https:\/\/wordpress.blg-autorail.de\/wp-content\/uploads\/2020\/09\/641-1024x683.jpg\" alt=\"\" class=\"wp-image-532\" srcset=\"https:\/\/www.blg-autorail.de\/wp-content\/uploads\/2020\/09\/641-1024x683.jpg 1024w, https:\/\/www.blg-autorail.de\/wp-content\/uploads\/2020\/09\/641-300x200.jpg 300w, https:\/\/www.blg-autorail.de\/wp-content\/uploads\/2020\/09\/641-768x512.jpg 768w, https:\/\/www.blg-autorail.de\/wp-content\/uploads\/2020\/09\/641-1536x1024.jpg 1536w, https:\/\/www.blg-autorail.de\/wp-content\/uploads\/2020\/09\/641-2048x1365.jpg 2048w\" sizes=\"auto, (max-width: 1024px) 100vw, 1024px\" \/><\/figure><\/div>\n\n\n\n<hr class=\"wp-block-separator\"\/>\n\n\n\n<p>Das gesamte Dienstleistungsspektrum wird durch die im Juli 2011 gegr\u00fcndete 100-prozentige Tochtergesellschaft, die <a rel=\"noreferrer noopener\" href=\"http:\/\/www.blg-railtec.de\" target=\"_blank\"><strong>BLG RailTec GmbH<\/strong><\/a> mit Sitz in Uebigau-Wahrenbr\u00fcck, auch anderen Waggoneinstellern angeboten.<\/p>\n\n\n\n<hr class=\"wp-block-separator\"\/>\n\n\n\n<div class=\"wp-block-buttons is-layout-flex wp-block-buttons-is-layout-flex\">\n<div class=\"wp-block-button\"><a class=\"wp-block-button__link has-background\" href=\"mailto:info@blg-railtec.de?subject=Anfrage %C3%BCber die Webseite\" style=\"background-color:#164194\" target=\"_blank\" rel=\"noreferrer noopener\">E-Mail an BLG RailTec<\/a><\/div>\n\n\n\n<div class=\"wp-block-button\"><a class=\"wp-block-button__link has-background\" href=\"https:\/\/www.blg-railtec.de\/\" style=\"background-color:#164194\" target=\"_blank\" rel=\"noreferrer noopener\">Zur Webseite BLG RailTec<\/a><\/div>\n<\/div>\n\n\n\n<p><\/p>\n","protected":false},"excerpt":{"rendered":"<p>Tochtergesellschaft BLG RailTec Durch die Liberalisierung des Schieneng\u00fcterverkehrs haben sich auch die Spielregeln f\u00fcr die Marktteilnehmer ver\u00e4ndert. Um rechtzeitig auf diese Ver\u00e4nderungen reagieren zu k\u00f6nnen, haben wir im Jahr 2011 von der DB Netz AG einen Rangierbahnhof mit 25 Kilometer Gleise in Falkenberg\/Elster gekauft. Durch Investitionen in die Infrastruktur, die Signaltechnik und den Bau einer [&hellip;]<\/p>\n","protected":false},"author":3,"featured_media":0,"parent":0,"menu_order":0,"comment_status":"closed","ping_status":"closed","template":"","meta":{"ngg_post_thumbnail":0,"footnotes":""},"class_list":["post-73","page","type-page","status-publish","hentry"],"_links":{"self":[{"href":"https:\/\/www.blg-autorail.de\/index.php?rest_route=\/wp\/v2\/pages\/73","targetHints":{"allow":["GET"]}}],"collection":[{"href":"https:\/\/www.blg-autorail.de\/index.php?rest_route=\/wp\/v2\/pages"}],"about":[{"href":"https:\/\/www.blg-autorail.de\/index.php?rest_route=\/wp\/v2\/types\/page"}],"author":[{"embeddable":true,"href":"https:\/\/www.blg-autorail.de\/index.php?rest_route=\/wp\/v2\/users\/3"}],"replies":[{"embeddable":true,"href":"https:\/\/www.blg-autorail.de\/index.php?rest_route=%2Fwp%2Fv2%2Fcomments&post=73"}],"version-history":[{"count":14,"href":"https:\/\/www.blg-autorail.de\/index.php?rest_route=\/wp\/v2\/pages\/73\/revisions"}],"predecessor-version":[{"id":538,"href":"https:\/\/www.blg-autorail.de\/index.php?rest_route=\/wp\/v2\/pages\/73\/revisions\/538"}],"wp:attachment":[{"href":"https:\/\/www.blg-autorail.de\/index.php?rest_route=%2Fwp%2Fv2%2Fmedia&parent=73"}],"curies":[{"name":"wp","href":"https:\/\/api.w.org\/{rel}","templated":true}]}}