{"id":67,"date":"2020-03-31T10:40:12","date_gmt":"2020-03-31T08:40:12","guid":{"rendered":"https:\/\/wordpress.blg-autorail.de\/?page_id=67"},"modified":"2021-01-15T13:44:28","modified_gmt":"2021-01-15T12:44:28","slug":"karriere","status":"publish","type":"page","link":"https:\/\/www.blg-autorail.de\/?page_id=67","title":{"rendered":"Karriere"},"content":{"rendered":"\n<h4 class=\"has-text-align-center has-text-color wp-block-heading\" style=\"color:#164194\">Stellenangebote<\/h4>\n\n\n\n<p>Kommen Sie zu uns und unterst\u00fctzen Sie das Team der BLG AutoRail.<br><br>Bei uns \u00fcbernehmen Sie Verantwortung und k\u00f6nnen Ihre vielseitigen F\u00e4higkeiten vollst\u00e4ndig einbringen. Die Fachliche und pers\u00f6nliche Weiterbildung unserer Mitarbeiter ist uns sehr wichtig. Innerhalb unseres Teams k\u00f6nnen wir gemeinsam unser Wachstum gestalten. Ihren Einsatz f\u00fcr unseren gemeinsamen Erfolg erwarten und sch\u00e4tzen wir.<\/p>\n\n\n\n<hr class=\"wp-block-separator\"\/>\n\n\n\n<div class=\"wp-block-buttons is-layout-flex wp-block-buttons-is-layout-flex\">\n<div class=\"wp-block-button is-style-fill\"><a class=\"wp-block-button__link has-background\" href=\"mailto:nadine.notter@blg-autorail.de?subject=Bewerbung von der Webseite\" style=\"background-color:#164194\" target=\"_blank\" rel=\"noreferrer noopener\">Senden Sie Ihre Initiativbewerbung<\/a><\/div>\n<\/div>\n\n\n\n<hr class=\"wp-block-separator\"\/>\n\n\n\n<p>Wir weisen Sie hiermit darauf hin, dass die BLG AutoRail GmbH Ihre per E-Mail oder postalisch \u00fcbermittelten personenbezogenen Daten zur Bearbeitung Ihrer Bewerbung und der Abwicklung und Durchf\u00fchrung des Bewerbungsverfahrens verarbeitet.<br><br>Weitere Informationen und Widerrufshinweise finden Sie in der <a href=\"https:\/\/www.blg-autorail.de\/datenschutz-dataprotection\">Datenschutzerkl\u00e4rung<\/a>.<\/p>\n\n\n\n<p><\/p>\n","protected":false},"excerpt":{"rendered":"<p>Stellenangebote Kommen Sie zu uns und unterst\u00fctzen Sie das Team der BLG AutoRail. Bei uns \u00fcbernehmen Sie Verantwortung und k\u00f6nnen Ihre vielseitigen F\u00e4higkeiten vollst\u00e4ndig einbringen. Die Fachliche und pers\u00f6nliche Weiterbildung unserer Mitarbeiter ist uns sehr wichtig. Innerhalb unseres Teams k\u00f6nnen wir gemeinsam unser Wachstum gestalten. Ihren Einsatz f\u00fcr unseren gemeinsamen Erfolg erwarten und sch\u00e4tzen wir. [&hellip;]<\/p>\n","protected":false},"author":3,"featured_media":0,"parent":0,"menu_order":0,"comment_status":"closed","ping_status":"closed","template":"","meta":{"ngg_post_thumbnail":0,"footnotes":""},"class_list":["post-67","page","type-page","status-publish","hentry"],"_links":{"self":[{"href":"https:\/\/www.blg-autorail.de\/index.php?rest_route=\/wp\/v2\/pages\/67","targetHints":{"allow":["GET"]}}],"collection":[{"href":"https:\/\/www.blg-autorail.de\/index.php?rest_route=\/wp\/v2\/pages"}],"about":[{"href":"https:\/\/www.blg-autorail.de\/index.php?rest_route=\/wp\/v2\/types\/page"}],"author":[{"embeddable":true,"href":"https:\/\/www.blg-autorail.de\/index.php?rest_route=\/wp\/v2\/users\/3"}],"replies":[{"embeddable":true,"href":"https:\/\/www.blg-autorail.de\/index.php?rest_route=%2Fwp%2Fv2%2Fcomments&post=67"}],"version-history":[{"count":12,"href":"https:\/\/www.blg-autorail.de\/index.php?rest_route=\/wp\/v2\/pages\/67\/revisions"}],"predecessor-version":[{"id":490,"href":"https:\/\/www.blg-autorail.de\/index.php?rest_route=\/wp\/v2\/pages\/67\/revisions\/490"}],"wp:attachment":[{"href":"https:\/\/www.blg-autorail.de\/index.php?rest_route=%2Fwp%2Fv2%2Fmedia&parent=67"}],"curies":[{"name":"wp","href":"https:\/\/api.w.org\/{rel}","templated":true}]}}